7824?
8
What is the hundred thousands digit of 9427543?
4
What is the hundreds digit of 589779?
7
What is the ten thousands digit of 27798105?
9
What is the ten millions digit of 28307199?
2
What is the hundred thousands digit of 5476366?
4
What is the millions digit of 1171473?
1
What is the tens digit of 696750?
5
What is the tens digit of 767200?
0
What is the tens digit of 1418993?
9
What is the ten thousands digit of 70822?
7
What is the units digit of 88992?
2
What is the thousands digit of 111634?
1
What is the thousands digit of 758034?
8
What is the hundreds digit of 27648?
6
What is the ten thousands digit of 225520?
2
What is the units digit of 5561394?
4
What is the ten thousands digit of 870273?
7
What is the thousands digit of 8357?
8
What is the thousands digit of 23006337?
6
What is the thousands digit of 609755?
9
What is the hundred thousands digit of 198263?
1
What is the ten thousands digit of 3289560?
8
What is the ten thousands digit of 1333737?
3
What is the ten millions digit of 22229918?
2
What is the hundreds digit of 21090440?
4
What is the hundred thousands digit of 199727?
1
What is the tens digit of 862846?
4
What is the units digit of 232858?
8
What is the ten thousands digit of 2048184?
4
What is the units digit of 4860289?
9
What is the thousands digit of 4674378?
4
What is the thousands digit of 339340?
9
What is the ten thousands digit of 690578?
9
What is the hundred thousands digit of 273097?
2
What is the ten thousands digit of 20901411?
0
What is the thousands digit of 755671?
5
What is the hundred thousands digit of 177072?
1
What is the ten thousands digit of 440649?
4
What is the hundreds digit of 3076298?
2
What is the thousands digit of 847197?
7
What is the tens digit of 64252?
5
What is the hundred thousands digit of 235749?
2
What is the units digit of 222606?
6
What is the hundreds digit of 328607?
6
What is the hundred thousands digit of 355108?
3
What is the tens digit of 12189?
8
What is the tens digit of 329855?
5
What is the ten thousands digit of 1162491?
6
What is the tens digit of 351709?
0
What is the units digit of 1762938?
8
What is the tens digit of 2054942?
4
What is the units digit of 8743079?
9
What is the thousands digit of 547952?
7
What is the ten thousands digit of 524683?
2
What is the millions digit of 9856319?
9
What is the tens digit of 1124463?
6
What is the tens digit of 78894?
9
What is the thousands digit of 739059?
9
What is the units digit of 4718654?
4
What is the thousands digit of 653554?
3
What is the millions digit of 1696772?
1
What is the ten thousands digit of 23890?
2
What is the hundred thousands digit of 3381612?
3
What is the ten thousands digit of 22350356?
5
What is the millions digit of 1093002?
1
What is the tens digit of 167951?
5
What is the thousands digit of 12412907?
2
What is the ten thousands digit of 2083260?
8
What is the ten thousands digit of 319589?
1
What is the tens digit of 2883055?
5
What is the thousands digit of 2162147?
2
What is the hundreds digit of 1096691?
6
What is the units digit of 298022?
2
What is the ten thousands digit of 6155771?
5
What is the thousands digit of 113904?
3
What is the hundreds digit of 27154850?
8
What is the millions digit of 17486537?
7
What is the tens digit of 274356?
5
What is the hundred thousands digit of 397609?
3
What is the units digit of 1025759?
9
What is the hundred thousands digit of 173996?
1
What is the millions digit of 18094898?
8
What is the thousands digit of 42205?
2
What is the thousands digit of 2138275?
8
What is the hundreds digit of 656795?
7
What is the thousands digit of 8354990?
4
What is the hundreds digit of 6646418?
4
What is the hundred thousands digit of 393415?
3
What is the units digit of 24988082?
2
What is the hundreds digit of 1008458?
4
What is the hundreds digit of 1865999?
9
What is the thousands digit of 147456?
7
What is the thousands digit of 475820?
5
What is the hundred thousands digit of 167034?
1
What is the hundred thousands digit of 168861?
1
What is the ten thousands digit of 114564?
1
What is the hundreds digit of 3239964?
9
What is the millions digit of 32184760?
2
What is the millions digit of 17314999?
7
What is the units digit of 23934952?
2
What is the units digit of 264258?
8
What is the units digit of 15216956?
6
What is the ten thousands digit of 205745?
0
What is the hundred thousands digit of 385661?
3
What is the millions digit of 1487790?
1
What is the hundred thousands digit of 31703083?
7
What is the ten thousands digit of 139466?
3
What is the tens digit of 1197610?
1
What is the tens digit of 1293531?
3
What is the hundreds digit of 309796?
7
What is the hundreds digit of 103391?
3
What is the units digit of 163921?
1
What is the units digit of 702880?
0
What is the ten thousands digit of 6407754?
0
What is the hundred thousands digit of 981045?
9
What is the ten thousands digit of 9754103?
5
What is the tens digit of 3716449?
4
What is the ten thousands digit of 106962?
0
What is the ten thousands digit of 426054?
2
What is the units digit of 4459967?
7
What is the units digit of 3785160?
0
What is the tens digit of 27521?
2
What is the units digit of 23107866?
6
What is the ten thousands digit of 7165257?
6
What is the units digit of 339448?
8
What is the hundred thousands digit of 545715?
5
What is the hundreds digit of 133737?
7
What is the ten thousands digit of 552712?
5
What is the units digit of 1113937?
7
What is the thousands digit of 909715?
9
What is the units digit of 407332?
2
What is the thousands digit of 5213380?
3
What is the units digit of 1565926?
6
What is the hundreds digit of 2895555?
5
What is the ten millions digit of 36561148?
3
What is the ten thousands digit of 145256?
4
What is the thousands digit of 140707?
0
What is the millions digit of 7994734?
7
What is the hundred thousands digit of 2772621?
7
What is the hundreds digit of 26154082?
0
What is the ten thousands digit of 118036?
1
What is the thousands digit of 650714?
0
What is the tens digit of 525664?
6
What is the tens digit of 2965662?
6
What is the ten thousands digit of 934356?
3
What is the thousands digit of 17503882?
3
What is the hundred thousands digit of 116543?
1
What is the tens digit of 4211512?
1
What is the hundred thousands digit of 1482396?
4
What is the hundreds digit of 762121?
1
What is the tens digit of 13862788?
8
What is the hundred thousands digit of 290614?
2
What is the ten thousands digit of 22856691?
5
What is the hundred thousands digit of 5270047?
2
What is the hundred thousands digit of 281797?
2
What is the hundreds digit of 22110764?
7
What is the units digit of 6307988?
8
What is the hundred thousands digit of 4841052?
8
What is the hundred thousands digit of 12210592?
2
What is the tens digit of 431895?
9
What is the hundreds digit of 252692?
6
What is the ten thousands digit of 49251?
4
What is the hundreds digit of 5675157?
1
What is the units digit of 1483147?
7
What is the ten thousands digit of 7580263?
8
What is the millions digit of 27671781?
7
What is the hundred thousands digit of 2909984?
9
What is the units digit of 118015?
5
What is the hundred thousands digit of 192698?
1
What is the units digit of 2838619?
9
What is the thousands digit of 38652991?
2
What is the tens digit of 7268077?
7
What is the units digit of 3399705?
5
What is the ten thousands digit of 7996305?
9
What is the tens digit of 218490?
9
What is the hundred thousands digit of 4534727?
5
What is the thousands digit of 247887?
7
What is the tens digit of 3433265?
6
What is the hundred thousands digit of 12235349?
2
What is the hundred thousands digit of 637961?
6
What is the tens digit of 1348391?
9
What is the hundreds digit of 9762453?
4
What is the hundred thousands digit of 2514026?
5
What is the ten millions digit of 10371948?
1
What is the hundred thousands digit of 9652872?
6
What is the tens digit of 572213?
1
What is the hundreds digit of 321720?
7
What is the ten thousands digit of 17715155?
1
What is the units digit of 836695?
5
What is the thousands digit of 91388?
1
What is the tens digit of 1642964?
6
What is the hundreds digit of 476393?
3
What is the thousands digit of 122425?
2
What is the units digit of 5658978?
8
Wha